ainder when h(-71) is divided by 69.
19
Let f = 59 + -86. Let h be (21/9 + -1)/((-6)/f). Suppose -w + h*w - 175 = q, 0 = 3*q. What is the remainder when w is divided by 18?
17
Let t = 115 - 98. Suppose -14*j - 4648 = -42*j. What is the remainder when j is divided by t?
13
Let r(v) = -16*v - 346. Let z = 104 + -30. Suppose 0 = -3*g + 4*j + z, 6 - 1 = -j. Calculate the remainder when g is divided by r(-22).
0
Suppose -4*v + 5*s = -239, 19 - 278 = -4*v + s. Suppose -2*m + 0*m = -784. Calculate the remainder when m is divided by v.
62
Suppose 0*i = 4*i + 4*x - 72, 2*x - 66 = -4*i. What is the remainder when (-67 + 0/(-1))/(-1) is divided by i?
7
Let x = -74 - -164. What is the remainder when x is divided by (-322)/(-4) - 85/(-34)?
7
Suppose -5*b - 19 = -3*j, 59*j = 62*j + 3*b - 75. What is the remainder when 32 is divided by j?
14
Let f(g) = 40*g + 1450. What is the remainder when 2031 is divided by f(-32)?
161
Suppose -8*l = -4*l + 32, -2*d = -4*l - 348. Calculate the remainder when d is divided by 20*(-1)/(0 + -1).
18
Let i be ((-4)/(-2))/4 - (-193)/2. Let k = i - 58. Calculate the remainder when k is divided by 8.
7
Let o = 3094 - 3042. Calculate the remainder when o is divided by 1.
0
Let z = 4170 - 3767. Calculate the remainder when z is divided by 142.
119
Suppose h - 61 = -5*i + 34, 5*h - 97 = -4*i. What is the remainder when 1244 is divided by i?
2
Let b(v) = -359 + 2*v - 10*v + 327. Suppose -n + 0*n - 5*q = -73, 235 = 3*n - q. Calculate the remainder when n is divided by b(-5).
6
Let s(b) = -12*b - 228. Let u be s(-19). Suppose 13*j + 4*j - 731 = u. What is the remainder when j is divided by 9?
7
Suppose 4*u + 172 = -184. Let a = u - -158. Let z(y) = -6*y - 6. Calculate the remainder when a is divided by z(-5).
21
Let z(r) = 2*r**2 - 3*r - 5. Let y(m) = 37*m**2 - 4*m + 9. Let l be y(3). Suppose -10*n + 0*n + l = 0. Calculate the remainder when n is divided by z(-2).
6
Let z = 159 - 154. Let b(o) = 3*o**2 + 2*o + 21. Calculate the remainder when b(z) is divided by (3/(-3))/((-1)/36).
34
Let w be 0 + (7 - (7 - 4)). Suppose i + 150 = -w*i. Let c = 40 + i. Calculate the remainder when 159 is divided by c.
9
Let x = -426 - -460. Suppose 19*b - 14*b - 90 = -5*a, 3*a - x = b. What is the remainder when 401 is divided by a?
11
Suppose -135 = -5*t - 3*f, 10 = t + 2*f + 2*f. Suppose -10*r = -3*g - 13*r, -4*g + r = -10. What is the remainder when t is divided by (3 - g)/3 - 150/(-9)?
13
Let x(z) = -173*z - 11838. Calculate the remainder when 664 is divided by x(-72).
46
Suppose 40 = 2*k - 210. Let h = 1328 + -1310. Calculate the remainder when k is divided by h.
17
Let p(c) = -45*c + 259. What is the remainder when 397 is divided by p(4)?
2
Suppose 222 = 6*q - 810. Let x = -157 + q. What is the remainder when 43 is divided by x?
13
Suppose v - 3*d - 1 = 3, 0 = -5*v + 3*d - 16. Let m be ((-51)/(-18))/(v/(-30)). Suppose -k + m = 10. Calculate the remainder when 26 is divided by k.
5
Let f(h) = 170 + 28*h + 28*h + 25*h - 92*h. What is the remainder when f(14) is divided by 5?
1
Let t(r) = 2*r**2 + 29*r - 196. What is the remainder when 230 is divided by t(-20)?
14
Let n(h) = -h**3 - 2*h**2 - h + 473. Let s be n(0). Let v = s + -379. Calculate the remainder when v is divided by 16.
14
Let t = 8951 + -6539. Calculate the remainder when t is divided by 151.
147
Suppose 3*a - 6*a + 1217 = 2*w, a - 1219 = -2*w. Let k = w + -579. What is the remainder when k is divided by 9?
4
Let m = 159 + -195. Let o = -20 - m. What is the remainder when 53 is divided by o?
5
Let n(a) = -3*a**3 - 11*a**2 - 13*a - 60. What is the remainder when 288 is divided by n(-5)?
78
Let t(q) = 11*q + 15. Let x be t(-2). Let l(r) = -16*r - 74. Calculate the remainder when 74 is divided by l(x).
36
Suppose -4*f + 54 = 2*z, z + 14 + 61 = 4*f. What is the remainder when 1405 is divided by f?
11
What is the remainder when 2*(-3 + 4) + 270 is divided by (-2 + -1 - (-132)/24)/(7/70)?
22
Let m be 12/(2 + -5)*-3. Suppose -m*l + 6*l + 36 = 0. What is the remainder when 31 is divided by l?
1
Let y = -1427 - -1452. Suppose -5*c + 2*s = -7*c + 254, 4*c - 5*s - 472 = 0. What is the remainder when c is divided by y?
23
Suppose 2*g - 155*d - 3538 = -160*d, -3*g + 5281 = d. What is the remainder when g is divided by 11?
10
Let f = -3207 + 3822. Calculate the remainder when f is divided by 164.
123
Let v = -401 + 443. Suppose 2*j + 29 = 5*u + 86, -j - 2*u = -v. What is the remainder when j is divided by 7?
1
Let l(g) = 2*g + 2. Let y(w) = -71*w - 73. Let x(c) = -4*l(c) - y(c). Calculate the remainder when x(8) is divided by 57.
56
Suppose -2*o + 3*n + 9 + 39 = 0, 48 = 2*o + n. Calculate the remainder when (-972)/(-10) + 1 - o/(-30) is divided by 20.
19
Let a = -16534 - -17694. What is the remainder when a is divided by 335?
155
Let k(v) = 103*v + 14. Let b be k(5). Let q = b - 511. Calculate the remainder when 66 is divided by q.
12
Let k(m) = 342*m - 111. Let p be k(5). Suppose -4*c - 3*j + 1132 = 0, 5*c - j + 184 - p = 0. What is the remainder when c is divided by 57?
55
What is the remainder when 403 is divided by (((-12)/(-9))/(20/(-12)))/(54/(-945))?
11
Calculate the remainder when 429 is divided by (-8 + (-830)/(-70))*7.
24
Let r = -68 + 56. Let s be r/18 + 44/12. Suppose -s*g = 2*z - 46, z + 2 - 15 = g. Calculate the remainder when 83 is divided by z.
15
Let t be 54*1/10 - (-8)/(-20). Suppose -5*x + 155 = -t*f, -5*x + x - 2*f = -100. What is the remainder when x is divided by 9?
0
Let k be 3/2*23600/120. Calculate the remainder when -4*k/30*3/(-2) is divided by 30.
29
Let l = -4563 - -6607. Suppose -31*h - l = -35*h. What is the remainder when h is divided by 57?
55
Suppose -8*n - 5 = -341. What is the remainder when (65/(-10))/(3/(-36)) is divided by n?
36
Let l = -9051 - -9059. What is the remainder when 4236 is divided by l?
4
Let u be 6 - (0/2 + 1). Suppose 0 = 2*n - 2*d + 26, -n + u*d + 1 = 34. What is the remainder when 28 is divided by (-2)/((-10)/n*(-8)/40)?
4
Let m(j) = 2*j**3 - 141*j**2 - 207*j - 638. Suppose -4*x = -3*f + 361, 3*f - 260 = -3*x + 94. What is the remainder when f is divided by m(72)?
9
Suppose k - 256 = 5*o, 4*o - 2*k + 96 = -104. Let l = 67 + o. What is the remainder when 4/22 - (-964)/22 is divided by l?
14
Suppose 0 = 35*r + 10*r - 3285. What is the remainder when 160 is divided by r?
14
Suppose -4*m + 4*g + 16 = 0, -6*g + 10*g = 2*m - 2. What is the remainder when 175 is divided by m + 0 + (72 - 19)?
55
Let s = 344 - 352. Suppose 23 = -d + 2. Let n = s - d. Calculate the remainder when 49 is divided by n.
10
Suppose 224*n = 21752 + 3046376. What is the remainder when n is divided by 100?
97
Calculate the remainder when 42 is divided by 2/6 - (-20)/(((-192)/20)/(-8)).
8
Suppose -34 = 4*b + 22. Let z be 3240/70 - (2 + 24/b). Let r = -41 + z. Calculate the remainder when 11 is divided by r.
1
Let f be 0 + ((-26)/8 - 15/(-12)). What is the remainder when (f/(-6)*1*-291)/(-1) is divided by 1/(-1) + 26/1?
22
Suppose -2*o - 4*z - 20 = 0, -5*o - 3*z = 27 + 2. Calculate the remainder when o - (-332)/8*2 is divided by 4/20*(6 + -1) - -15.
15
Suppose -2694*b = -3036*b + 6840. Calculate the remainder when 38 is divided by b.
18
Suppose 0 = 5*n - 7 - 3. Suppose -4*i - 3*o = -n*i - 126, -3*o - 114 = -2*i. Suppose 11*z - 141 = 112. What is the remainder when i is divided by z?
14
Let c(q) = 15*q**2 + 39*q - 1797. Calculate the remainder when c(24) is divided by 28.
23
Let w(m) = -8*m + 16. Let l be w(-2). Let o = -21 + l. Suppose -a - x = 2*x - 14, -4*a + 30 = -x. What is the remainder when o is divided by a?
3
Let u be (-4)/(-12) - ((-15)/9 - 3). Let m = 176 + -171. Suppose 3*t = -2*j + 45, -u*j + 26 - 76 = -m*t. What is the remainder when 100 is divided by t?
9
Suppose 0 = -q + 2*m + 815, m - 815 = 52*q - 53*q. Calculate the remainder when q is divided by 29.
3
Let k be (0 - 32/(-12))*3/4. Suppose 5*i = 2*f + 58, k*f = i - 0 - 18. Let m = i + 9. Calculate the remainder when m is divided by 5.
4
Let o(t) be the third derivative of -t**4/24 - 6*t**2. Let f(l) = l**2 - 5*l - 13. Let z(x) = f(x) + 6*o(x). Calculate the remainder when z(14) is divided by 5.
4
Let s = 214 - 208. Suppose -268 = -4*t + 4*q, -s*t + t + 345 = -3*q. What is the remainder when 207 is divided by t?
63
S